{"id":16,"date":"2025-09-09T19:39:56","date_gmt":"2025-09-09T19:39:56","guid":{"rendered":"https:\/\/solfed.fr\/?page_id=16"},"modified":"2025-09-16T07:57:37","modified_gmt":"2025-09-16T07:57:37","slug":"blog","status":"publish","type":"page","link":"https:\/\/solfed.fr\/?page_id=16","title":{"rendered":"Blog"},"content":{"rendered":"\t\t<div data-elementor-type=\"wp-page\" data-elementor-id=\"16\" class=\"elementor elementor-16\" data-elementor-post-type=\"page\">\n\t\t\t\t<div class=\"elementor-element elementor-element-dfc9a06 e-flex e-con-boxed e-con e-parent\" data-id=\"dfc9a06\" data-element_type=\"container\" data-settings=\"{&quot;background_background&quot;:&quot;classic&quot;}\">\n\t\t\t\t\t<div class=\"e-con-inner\">\n\t\t<div class=\"elementor-element elementor-element-4f32612 e-con-full e-flex e-con e-child\" data-id=\"4f32612\" data-element_type=\"container\">\n\t\t\t\t<div class=\"elementor-element elementor-element-bceab85 elementor-widget elementor-widget-heading\" data-id=\"bceab85\" data-element_type=\"widget\" data-widget_type=\"heading.default\">\n\t\t\t\t\t<h5 class=\"elementor-heading-title elementor-size-default\">Engagement et savoir.<\/h5>\t\t\t\t<\/div>\n\t\t\t\t<div class=\"elementor-element elementor-element-af75ccb elementor-widget elementor-widget-heading\" data-id=\"af75ccb\" data-element_type=\"widget\" data-widget_type=\"heading.default\">\n\t\t\t\t\t<h2 class=\"elementor-heading-title elementor-size-default\">Archive des Publications<\/h2>\t\t\t\t<\/div>\n\t\t\t\t<div class=\"elementor-element elementor-element-416598a elementor-widget elementor-widget-text-editor\" data-id=\"416598a\" data-element_type=\"widget\" data-widget_type=\"text-editor.default\">\n\t\t\t\t\t\t\t\t\t<p>Bienvenue dans notre archive de blogs et publications : un espace o\u00f9 tous les articles, \u00e9tudes et PDF partag\u00e9s par la SOLFED sont centralis\u00e9s. Parcourez facilement les documents selon vos int\u00e9r\u00eats : vous pouvez filtrer par cat\u00e9gorie, date ou th\u00e8me, pour acc\u00e9der directement aux contenus qui vous concernent.<\/p>\t\t\t\t\t\t\t\t<\/div>\n\t\t\t\t<\/div>\n\t\t\t\t\t<\/div>\n\t\t\t\t<\/div>\n\t\t<div class=\"elementor-element elementor-element-edc91cc e-flex e-con-boxed e-con e-parent\" data-id=\"edc91cc\" data-element_type=\"container\">\n\t\t\t\t\t<div class=\"e-con-inner\">\n\t\t\t\t<div class=\"elementor-element elementor-element-1026fd3 elementor-grid-3 elementor-grid-tablet-2 elementor-grid-mobile-1 elementor-posts--thumbnail-top elementor-card-shadow-yes elementor-posts__hover-gradient elementor-widget elementor-widget-posts\" data-id=\"1026fd3\" data-element_type=\"widget\" data-settings=\"{&quot;cards_columns&quot;:&quot;3&quot;,&quot;cards_columns_tablet&quot;:&quot;2&quot;,&quot;cards_columns_mobile&quot;:&quot;1&quot;,&quot;cards_row_gap&quot;:{&quot;unit&quot;:&quot;px&quot;,&quot;size&quot;:35,&quot;sizes&quot;:[]},&quot;cards_row_gap_tablet&quot;:{&quot;unit&quot;:&quot;px&quot;,&quot;size&quot;:&quot;&quot;,&quot;sizes&quot;:[]},&quot;cards_row_gap_mobile&quot;:{&quot;unit&quot;:&quot;px&quot;,&quot;size&quot;:&quot;&quot;,&quot;sizes&quot;:[]}}\" data-widget_type=\"posts.cards\">\n\t\t\t\t<div class=\"elementor-widget-container\">\n\t\t\t\t\t\t\t<div class=\"elementor-posts-container elementor-posts elementor-posts--skin-cards elementor-grid\" role=\"list\">\n\t\t\t\t<article class=\"elementor-post elementor-grid-item post-460 post type-post status-publish format-standard hentry category-14\" role=\"listitem\">\n\t\t\t<div class=\"elementor-post__card\">\n\t\t\t\t<div class=\"elementor-post__text\">\n\t\t\t\t<h3 class=\"elementor-post__title\">\n\t\t\t<a href=\"https:\/\/solfed.fr\/?p=460\" >\n\t\t\t\tCancer m\u00e9dullaire de la thyro\u00efde : ce que r\u00e9v\u00e8lent 43 ans de donn\u00e9es du registre Marne-Ardennes\t\t\t<\/a>\n\t\t<\/h3>\n\t\t\n\t\t<a class=\"elementor-post__read-more\" href=\"https:\/\/solfed.fr\/?p=460\" aria-label=\"Read more about Cancer m\u00e9dullaire de la thyro\u00efde : ce que r\u00e9v\u00e8lent 43 ans de donn\u00e9es du registre Marne-Ardennes\" tabindex=\"-1\" >\n\t\t\tLire la suite \u00bb\t\t<\/a>\n\n\t\t\t\t<\/div>\n\t\t\t\t<div class=\"elementor-post__meta-data\">\n\t\t\t\t\t<span class=\"elementor-post-date\">\n\t\t\tDecember 2, 2025\t\t<\/span>\n\t\t\t\t<\/div>\n\t\t\t\t\t<\/div>\n\t\t<\/article>\n\t\t\t\t<article class=\"elementor-post elementor-grid-item post-457 post type-post status-publish format-standard hentry category-14\" role=\"listitem\">\n\t\t\t<div class=\"elementor-post__card\">\n\t\t\t\t<div class=\"elementor-post__text\">\n\t\t\t\t<h3 class=\"elementor-post__title\">\n\t\t\t<a href=\"https:\/\/solfed.fr\/?p=457\" >\n\t\t\t\tLa Transition des Adolescents Diab\u00e9tiques vers l\u2019\u00c2ge Adulte : Bilan du Chronic Care Center\t\t\t<\/a>\n\t\t<\/h3>\n\t\t\n\t\t<a class=\"elementor-post__read-more\" href=\"https:\/\/solfed.fr\/?p=457\" aria-label=\"Read more about La Transition des Adolescents Diab\u00e9tiques vers l\u2019\u00c2ge Adulte : Bilan du Chronic Care Center\" tabindex=\"-1\" >\n\t\t\tLire la suite \u00bb\t\t<\/a>\n\n\t\t\t\t<\/div>\n\t\t\t\t<div class=\"elementor-post__meta-data\">\n\t\t\t\t\t<span class=\"elementor-post-date\">\n\t\t\tDecember 2, 2025\t\t<\/span>\n\t\t\t\t<\/div>\n\t\t\t\t\t<\/div>\n\t\t<\/article>\n\t\t\t\t<article class=\"elementor-post elementor-grid-item post-453 post type-post status-publish format-standard hentry category-14\" role=\"listitem\">\n\t\t\t<div class=\"elementor-post__card\">\n\t\t\t\t<div class=\"elementor-post__text\">\n\t\t\t\t<h3 class=\"elementor-post__title\">\n\t\t\t<a href=\"https:\/\/solfed.fr\/?p=453\" >\n\t\t\t\tLipoprot\u00e9ine(a) : un marqueur cardiovasculaire longtemps n\u00e9glig\u00e9, aujourd\u2019hui indispensable\t\t\t<\/a>\n\t\t<\/h3>\n\t\t\n\t\t<a class=\"elementor-post__read-more\" href=\"https:\/\/solfed.fr\/?p=453\" aria-label=\"Read more about Lipoprot\u00e9ine(a) : un marqueur cardiovasculaire longtemps n\u00e9glig\u00e9, aujourd\u2019hui indispensable\" tabindex=\"-1\" >\n\t\t\tLire la suite \u00bb\t\t<\/a>\n\n\t\t\t\t<\/div>\n\t\t\t\t<div class=\"elementor-post__meta-data\">\n\t\t\t\t\t<span class=\"elementor-post-date\">\n\t\t\tDecember 2, 2025\t\t<\/span>\n\t\t\t\t<\/div>\n\t\t\t\t\t<\/div>\n\t\t<\/article>\n\t\t\t\t<article class=\"elementor-post elementor-grid-item post-347 post type-post status-publish format-standard has-post-thumbnail hentry category-14\" role=\"listitem\">\n\t\t\t<div class=\"elementor-post__card\">\n\t\t\t\t<a class=\"elementor-post__thumbnail__link\" href=\"https:\/\/solfed.fr\/?p=347\" tabindex=\"-1\" ><div class=\"elementor-post__thumbnail\"><img fetchpriority=\"high\" decoding=\"async\" width=\"300\" height=\"200\" src=\"https:\/\/solfed.fr\/wp-content\/uploads\/2025\/09\/11eme-meeting-300x200.webp\" class=\"attachment-medium size-medium wp-image-349\" alt=\"11eme meeting\" srcset=\"https:\/\/solfed.fr\/wp-content\/uploads\/2025\/09\/11eme-meeting-300x200.webp 300w, https:\/\/solfed.fr\/wp-content\/uploads\/2025\/09\/11eme-meeting-1024x683.webp 1024w, https:\/\/solfed.fr\/wp-content\/uploads\/2025\/09\/11eme-meeting-768x512.webp 768w, https:\/\/solfed.fr\/wp-content\/uploads\/2025\/09\/11eme-meeting.webp 1536w\" sizes=\"(max-width: 300px) 100vw, 300px\" \/><\/div><\/a>\n\t\t\t\t<div class=\"elementor-post__badge\">2025<\/div>\n\t\t\t\t<div class=\"elementor-post__text\">\n\t\t\t\t<h3 class=\"elementor-post__title\">\n\t\t\t<a href=\"https:\/\/solfed.fr\/?p=347\" >\n\t\t\t\t11\u00e8mes Journ\u00e9es M\u00e9dicales SOLFED \u2013 Reims 2025\t\t\t<\/a>\n\t\t<\/h3>\n\t\t\n\t\t<a class=\"elementor-post__read-more\" href=\"https:\/\/solfed.fr\/?p=347\" aria-label=\"Read more about 11\u00e8mes Journ\u00e9es M\u00e9dicales SOLFED \u2013 Reims 2025\" tabindex=\"-1\" >\n\t\t\tLire la suite \u00bb\t\t<\/a>\n\n\t\t\t\t<\/div>\n\t\t\t\t<div class=\"elementor-post__meta-data\">\n\t\t\t\t\t<span class=\"elementor-post-date\">\n\t\t\tSeptember 21, 2025\t\t<\/span>\n\t\t\t\t<\/div>\n\t\t\t\t\t<\/div>\n\t\t<\/article>\n\t\t\t\t<article class=\"elementor-post elementor-grid-item post-376 post type-post status-publish format-standard has-post-thumbnail hentry category-13\" role=\"listitem\">\n\t\t\t<div class=\"elementor-post__card\">\n\t\t\t\t<a class=\"elementor-post__thumbnail__link\" href=\"https:\/\/solfed.fr\/?p=376\" tabindex=\"-1\" ><div class=\"elementor-post__thumbnail\"><img decoding=\"async\" width=\"300\" height=\"200\" src=\"https:\/\/solfed.fr\/wp-content\/uploads\/2017\/05\/TYPE-1-DIABETES-IN-LB-300x200.webp\" class=\"attachment-medium size-medium wp-image-386\" alt=\"TYPE 1 DIABETES IN LB\" srcset=\"https:\/\/solfed.fr\/wp-content\/uploads\/2017\/05\/TYPE-1-DIABETES-IN-LB-300x200.webp 300w, https:\/\/solfed.fr\/wp-content\/uploads\/2017\/05\/TYPE-1-DIABETES-IN-LB-1024x683.webp 1024w, https:\/\/solfed.fr\/wp-content\/uploads\/2017\/05\/TYPE-1-DIABETES-IN-LB-768x512.webp 768w, https:\/\/solfed.fr\/wp-content\/uploads\/2017\/05\/TYPE-1-DIABETES-IN-LB.webp 1536w\" sizes=\"(max-width: 300px) 100vw, 300px\" \/><\/div><\/a>\n\t\t\t\t<div class=\"elementor-post__badge\">2017<\/div>\n\t\t\t\t<div class=\"elementor-post__text\">\n\t\t\t\t<h3 class=\"elementor-post__title\">\n\t\t\t<a href=\"https:\/\/solfed.fr\/?p=376\" >\n\t\t\t\tTYPE 1 DIABETES IN LB\t\t\t<\/a>\n\t\t<\/h3>\n\t\t\n\t\t<a class=\"elementor-post__read-more\" href=\"https:\/\/solfed.fr\/?p=376\" aria-label=\"Read more about TYPE 1 DIABETES IN LB\" tabindex=\"-1\" >\n\t\t\tLire la suite \u00bb\t\t<\/a>\n\n\t\t\t\t<\/div>\n\t\t\t\t<div class=\"elementor-post__meta-data\">\n\t\t\t\t\t<span class=\"elementor-post-date\">\n\t\t\tMay 14, 2017\t\t<\/span>\n\t\t\t\t<\/div>\n\t\t\t\t\t<\/div>\n\t\t<\/article>\n\t\t\t\t<article class=\"elementor-post elementor-grid-item post-373 post type-post status-publish format-standard has-post-thumbnail hentry category-13\" role=\"listitem\">\n\t\t\t<div class=\"elementor-post__card\">\n\t\t\t\t<a class=\"elementor-post__thumbnail__link\" href=\"https:\/\/solfed.fr\/?p=373\" tabindex=\"-1\" ><div class=\"elementor-post__thumbnail\"><img decoding=\"async\" width=\"300\" height=\"200\" src=\"https:\/\/solfed.fr\/wp-content\/uploads\/2025\/09\/placeholder-61-300x200.png\" class=\"attachment-medium size-medium wp-image-36\" alt=\"\" srcset=\"https:\/\/solfed.fr\/wp-content\/uploads\/2025\/09\/placeholder-61-300x200.png 300w, https:\/\/solfed.fr\/wp-content\/uploads\/2025\/09\/placeholder-61-1024x683.png 1024w, https:\/\/solfed.fr\/wp-content\/uploads\/2025\/09\/placeholder-61-768x512.png 768w, https:\/\/solfed.fr\/wp-content\/uploads\/2025\/09\/placeholder-61-18x12.png 18w, https:\/\/solfed.fr\/wp-content\/uploads\/2025\/09\/placeholder-61.png 1200w\" sizes=\"(max-width: 300px) 100vw, 300px\" \/><\/div><\/a>\n\t\t\t\t<div class=\"elementor-post__badge\">2017<\/div>\n\t\t\t\t<div class=\"elementor-post__text\">\n\t\t\t\t<h3 class=\"elementor-post__title\">\n\t\t\t<a href=\"https:\/\/solfed.fr\/?p=373\" >\n\t\t\t\tPCSK9\t\t\t<\/a>\n\t\t<\/h3>\n\t\t\n\t\t<a class=\"elementor-post__read-more\" href=\"https:\/\/solfed.fr\/?p=373\" aria-label=\"Read more about PCSK9\" tabindex=\"-1\" >\n\t\t\tLire la suite \u00bb\t\t<\/a>\n\n\t\t\t\t<\/div>\n\t\t\t\t<div class=\"elementor-post__meta-data\">\n\t\t\t\t\t<span class=\"elementor-post-date\">\n\t\t\tMay 13, 2017\t\t<\/span>\n\t\t\t\t<\/div>\n\t\t\t\t\t<\/div>\n\t\t<\/article>\n\t\t\t\t<\/div>\n\t\t\n\t\t\t\t\t\t<\/div>\n\t\t\t\t<\/div>\n\t\t\t\t\t<\/div>\n\t\t\t\t<\/div>\n\t\t\t\t<\/div>\n\t\t","protected":false},"excerpt":{"rendered":"<p>Engagement et savoir. Archive des Publications Bienvenue dans notre archive de blogs et publications : un espace o\u00f9 tous les articles, \u00e9tudes et PDF partag\u00e9s<\/p>\n","protected":false},"author":1,"featured_media":0,"parent":0,"menu_order":0,"comment_status":"closed","ping_status":"closed","template":"","meta":{"_acf_changed":false,"footnotes":""},"class_list":["post-16","page","type-page","status-publish","hentry"],"acf":[],"yoast_head":"<!-- This site is optimized with the Yoast SEO plugin v26.1.1 - https:\/\/yoast.com\/wordpress\/plugins\/seo\/ -->\n<title>Blog - Solfed<\/title>\n<meta name=\"robots\" content=\"index, follow, max-snippet:-1, max-image-preview:large, max-video-preview:-1\" \/>\n<link rel=\"canonical\" href=\"https:\/\/solfed-bc8f75.ingress-daribow.ewp.live\/?page_id=16\" \/>\n<meta property=\"og:locale\" content=\"en_US\" \/>\n<meta property=\"og:type\" content=\"article\" \/>\n<meta property=\"og:title\" content=\"Blog - Solfed\" \/>\n<meta property=\"og:description\" content=\"Engagement et savoir. Archive des Publications Bienvenue dans notre archive de blogs et publications : un espace o\u00f9 tous les articles, \u00e9tudes et PDF partag\u00e9s\" \/>\n<meta property=\"og:url\" content=\"https:\/\/solfed-bc8f75.ingress-daribow.ewp.live\/?page_id=16\" \/>\n<meta property=\"og:site_name\" content=\"Solfed\" \/>\n<meta property=\"article:modified_time\" content=\"2025-09-16T07:57:37+00:00\" \/>\n<meta name=\"twitter:card\" content=\"summary_large_image\" \/>\n<meta name=\"twitter:label1\" content=\"Est. reading time\" \/>\n\t<meta name=\"twitter:data1\" content=\"1 minute\" \/>\n<script type=\"application\/ld+json\" class=\"yoast-schema-graph\">{\"@context\":\"https:\/\/schema.org\",\"@graph\":[{\"@type\":\"WebPage\",\"@id\":\"https:\/\/solfed-bc8f75.ingress-daribow.ewp.live\/?page_id=16\",\"url\":\"https:\/\/solfed-bc8f75.ingress-daribow.ewp.live\/?page_id=16\",\"name\":\"Blog - Solfed\",\"isPartOf\":{\"@id\":\"https:\/\/solfed-bc8f75.ingress-daribow.ewp.live\/#website\"},\"datePublished\":\"2025-09-09T19:39:56+00:00\",\"dateModified\":\"2025-09-16T07:57:37+00:00\",\"breadcrumb\":{\"@id\":\"https:\/\/solfed-bc8f75.ingress-daribow.ewp.live\/?page_id=16#breadcrumb\"},\"inLanguage\":\"en-US\",\"potentialAction\":[{\"@type\":\"ReadAction\",\"target\":[\"https:\/\/solfed-bc8f75.ingress-daribow.ewp.live\/?page_id=16\"]}]},{\"@type\":\"BreadcrumbList\",\"@id\":\"https:\/\/solfed-bc8f75.ingress-daribow.ewp.live\/?page_id=16#breadcrumb\",\"itemListElement\":[{\"@type\":\"ListItem\",\"position\":1,\"name\":\"Home\",\"item\":\"https:\/\/solfed.fr\/\"},{\"@type\":\"ListItem\",\"position\":2,\"name\":\"Blog\"}]},{\"@type\":\"WebSite\",\"@id\":\"https:\/\/solfed-bc8f75.ingress-daribow.ewp.live\/#website\",\"url\":\"https:\/\/solfed-bc8f75.ingress-daribow.ewp.live\/\",\"name\":\"Solfed\",\"description\":\"Renforce les liens scientifiques, organise des congr\u00e8s annuels et partage des ressources de r\u00e9f\u00e9rence en endocrinologie et diab\u00e9tologie.\",\"publisher\":{\"@id\":\"https:\/\/solfed-bc8f75.ingress-daribow.ewp.live\/#organization\"},\"potentialAction\":[{\"@type\":\"SearchAction\",\"target\":{\"@type\":\"EntryPoint\",\"urlTemplate\":\"https:\/\/solfed-bc8f75.ingress-daribow.ewp.live\/?s={search_term_string}\"},\"query-input\":{\"@type\":\"PropertyValueSpecification\",\"valueRequired\":true,\"valueName\":\"search_term_string\"}}],\"inLanguage\":\"en-US\"},{\"@type\":\"Organization\",\"@id\":\"https:\/\/solfed-bc8f75.ingress-daribow.ewp.live\/#organization\",\"name\":\"Solfed\",\"url\":\"https:\/\/solfed-bc8f75.ingress-daribow.ewp.live\/\",\"logo\":{\"@type\":\"ImageObject\",\"inLanguage\":\"en-US\",\"@id\":\"https:\/\/solfed-bc8f75.ingress-daribow.ewp.live\/#\/schema\/logo\/image\/\",\"url\":\"https:\/\/solfed.fr\/wp-content\/uploads\/2025\/09\/logo.png\",\"contentUrl\":\"https:\/\/solfed.fr\/wp-content\/uploads\/2025\/09\/logo.png\",\"width\":660,\"height\":204,\"caption\":\"Solfed\"},\"image\":{\"@id\":\"https:\/\/solfed-bc8f75.ingress-daribow.ewp.live\/#\/schema\/logo\/image\/\"}}]}<\/script>\n<!-- \/ Yoast SEO plugin. -->","yoast_head_json":{"title":"Blog - Solfed","robots":{"index":"index","follow":"follow","max-snippet":"max-snippet:-1","max-image-preview":"max-image-preview:large","max-video-preview":"max-video-preview:-1"},"canonical":"https:\/\/solfed-bc8f75.ingress-daribow.ewp.live\/?page_id=16","og_locale":"en_US","og_type":"article","og_title":"Blog - Solfed","og_description":"Engagement et savoir. Archive des Publications Bienvenue dans notre archive de blogs et publications : un espace o\u00f9 tous les articles, \u00e9tudes et PDF partag\u00e9s","og_url":"https:\/\/solfed-bc8f75.ingress-daribow.ewp.live\/?page_id=16","og_site_name":"Solfed","article_modified_time":"2025-09-16T07:57:37+00:00","twitter_card":"summary_large_image","twitter_misc":{"Est. reading time":"1 minute"},"schema":{"@context":"https:\/\/schema.org","@graph":[{"@type":"WebPage","@id":"https:\/\/solfed-bc8f75.ingress-daribow.ewp.live\/?page_id=16","url":"https:\/\/solfed-bc8f75.ingress-daribow.ewp.live\/?page_id=16","name":"Blog - Solfed","isPartOf":{"@id":"https:\/\/solfed-bc8f75.ingress-daribow.ewp.live\/#website"},"datePublished":"2025-09-09T19:39:56+00:00","dateModified":"2025-09-16T07:57:37+00:00","breadcrumb":{"@id":"https:\/\/solfed-bc8f75.ingress-daribow.ewp.live\/?page_id=16#breadcrumb"},"inLanguage":"en-US","potentialAction":[{"@type":"ReadAction","target":["https:\/\/solfed-bc8f75.ingress-daribow.ewp.live\/?page_id=16"]}]},{"@type":"BreadcrumbList","@id":"https:\/\/solfed-bc8f75.ingress-daribow.ewp.live\/?page_id=16#breadcrumb","itemListElement":[{"@type":"ListItem","position":1,"name":"Home","item":"https:\/\/solfed.fr\/"},{"@type":"ListItem","position":2,"name":"Blog"}]},{"@type":"WebSite","@id":"https:\/\/solfed-bc8f75.ingress-daribow.ewp.live\/#website","url":"https:\/\/solfed-bc8f75.ingress-daribow.ewp.live\/","name":"Solfed","description":"Renforce les liens scientifiques, organise des congr\u00e8s annuels et partage des ressources de r\u00e9f\u00e9rence en endocrinologie et diab\u00e9tologie.","publisher":{"@id":"https:\/\/solfed-bc8f75.ingress-daribow.ewp.live\/#organization"},"potentialAction":[{"@type":"SearchAction","target":{"@type":"EntryPoint","urlTemplate":"https:\/\/solfed-bc8f75.ingress-daribow.ewp.live\/?s={search_term_string}"},"query-input":{"@type":"PropertyValueSpecification","valueRequired":true,"valueName":"search_term_string"}}],"inLanguage":"en-US"},{"@type":"Organization","@id":"https:\/\/solfed-bc8f75.ingress-daribow.ewp.live\/#organization","name":"Solfed","url":"https:\/\/solfed-bc8f75.ingress-daribow.ewp.live\/","logo":{"@type":"ImageObject","inLanguage":"en-US","@id":"https:\/\/solfed-bc8f75.ingress-daribow.ewp.live\/#\/schema\/logo\/image\/","url":"https:\/\/solfed.fr\/wp-content\/uploads\/2025\/09\/logo.png","contentUrl":"https:\/\/solfed.fr\/wp-content\/uploads\/2025\/09\/logo.png","width":660,"height":204,"caption":"Solfed"},"image":{"@id":"https:\/\/solfed-bc8f75.ingress-daribow.ewp.live\/#\/schema\/logo\/image\/"}}]}},"_links":{"self":[{"href":"https:\/\/solfed.fr\/index.php?rest_route=\/wp\/v2\/pages\/16","targetHints":{"allow":["GET"]}}],"collection":[{"href":"https:\/\/solfed.fr\/index.php?rest_route=\/wp\/v2\/pages"}],"about":[{"href":"https:\/\/solfed.fr\/index.php?rest_route=\/wp\/v2\/types\/page"}],"author":[{"embeddable":true,"href":"https:\/\/solfed.fr\/index.php?rest_route=\/wp\/v2\/users\/1"}],"replies":[{"embeddable":true,"href":"https:\/\/solfed.fr\/index.php?rest_route=%2Fwp%2Fv2%2Fcomments&post=16"}],"version-history":[{"count":5,"href":"https:\/\/solfed.fr\/index.php?rest_route=\/wp\/v2\/pages\/16\/revisions"}],"predecessor-version":[{"id":334,"href":"https:\/\/solfed.fr\/index.php?rest_route=\/wp\/v2\/pages\/16\/revisions\/334"}],"wp:attachment":[{"href":"https:\/\/solfed.fr\/index.php?rest_route=%2Fwp%2Fv2%2Fmedia&parent=16"}],"curies":[{"name":"wp","href":"https:\/\/api.w.org\/{rel}","templated":true}]}}